{"id":27,"date":"2025-09-10T10:13:54","date_gmt":"2025-09-10T08:13:54","guid":{"rendered":"https:\/\/magdalenagrencreates.com\/?page_id=27"},"modified":"2025-09-10T13:23:55","modified_gmt":"2025-09-10T11:23:55","slug":"kontakt","status":"publish","type":"page","link":"https:\/\/magdalenagrencreates.com\/?page_id=27","title":{"rendered":"Kontakt"},"content":{"rendered":"\t\t<div data-elementor-type=\"wp-page\" data-elementor-id=\"27\" class=\"elementor elementor-27\" data-elementor-post-type=\"page\">\n\t\t\t\t<div class=\"elementor-element elementor-element-3196c344 e-flex e-con-boxed e-con e-parent\" data-id=\"3196c344\" data-element_type=\"container\" data-settings=\"{&quot;background_background&quot;:&quot;classic&quot;}\">\n\t\t\t\t\t<div class=\"e-con-inner\">\n\t\t<div class=\"elementor-element elementor-element-2d59d3e2 e-con-full e-flex e-con e-child\" data-id=\"2d59d3e2\" data-element_type=\"container\">\n\t\t\t\t<div class=\"elementor-element elementor-element-4b9a5e4f elementor-widget elementor-widget-heading\" data-id=\"4b9a5e4f\" data-element_type=\"widget\" data-widget_type=\"heading.default\">\n\t\t\t\t\t<h2 class=\"elementor-heading-title elementor-size-default\">Skontaktuj si\u0119 z nami<\/h2>\t\t\t\t<\/div>\n\t\t\t\t<div class=\"elementor-element elementor-element-20ea2d45 elementor-widget elementor-widget-text-editor\" data-id=\"20ea2d45\" data-element_type=\"widget\" data-widget_type=\"text-editor.default\">\n\t\t\t\t\t\t\t\t\t<p>Zapraszam do kontaktu! Czekam na Twoje pytania i sugestie. Z przyjemno\u015bci\u0105 pomog\u0119 w realizacji Twoich pomys\u0142\u00f3w i potrzeb. Jestem tu, aby\u015bmy mogli stworzy\u0107 co\u015b wyj\u0105tkowego razem.<\/p>\t\t\t\t\t\t\t\t<\/div>\n\t\t\t\t<\/div>\n\t\t\t\t\t<\/div>\n\t\t\t\t<\/div>\n\t\t<div class=\"elementor-element elementor-element-44bf430b e-flex e-con-boxed e-con e-parent\" data-id=\"44bf430b\" data-element_type=\"container\">\n\t\t\t\t\t<div class=\"e-con-inner\">\n\t\t\t\t<div class=\"elementor-element elementor-element-6e02c037 elementor-widget elementor-widget-heading\" data-id=\"6e02c037\" data-element_type=\"widget\" data-widget_type=\"heading.default\">\n\t\t\t\t\t<h2 class=\"elementor-heading-title elementor-size-default\">Skontaktuj si\u0119 ze mn\u0105!<\/h2>\t\t\t\t<\/div>\n\t\t\t\t<div class=\"elementor-element elementor-element-405fce49 elementor-widget elementor-widget-heading\" data-id=\"405fce49\" data-element_type=\"widget\" data-widget_type=\"heading.default\">\n\t\t\t\t\t<h2 class=\"elementor-heading-title elementor-size-default\">Napisz do mnie \ud83d\ude42<\/h2>\t\t\t\t<\/div>\n\t\t\t\t<div class=\"elementor-element elementor-element-3e4cdf8c elementor-widget elementor-widget-text-editor\" data-id=\"3e4cdf8c\" data-element_type=\"widget\" data-widget_type=\"text-editor.default\">\n\t\t\t\t\t\t\t\t\t<p>Masz pytania? Jestem tutaj, aby pom\u00f3c!<\/p>\t\t\t\t\t\t\t\t<\/div>\n\t\t<div class=\"elementor-element elementor-element-35f21e4b e-flex e-con-boxed e-con e-child\" data-id=\"35f21e4b\" data-element_type=\"container\">\n\t\t\t\t\t<div class=\"e-con-inner\">\n\t\t<div class=\"elementor-element elementor-element-45ef4dff e-con-full e-transform e-flex e-con e-child\" data-id=\"45ef4dff\" data-element_type=\"container\" data-settings=\"{&quot;_transform_translateX_effect&quot;:{&quot;unit&quot;:&quot;px&quot;,&quot;size&quot;:171,&quot;sizes&quot;:[]},&quot;_transform_translateX_effect_tablet&quot;:{&quot;unit&quot;:&quot;px&quot;,&quot;size&quot;:&quot;&quot;,&quot;sizes&quot;:[]},&quot;_transform_translateX_effect_mobile&quot;:{&quot;unit&quot;:&quot;px&quot;,&quot;size&quot;:&quot;&quot;,&quot;sizes&quot;:[]},&quot;_transform_translateY_effect&quot;:{&quot;unit&quot;:&quot;px&quot;,&quot;size&quot;:&quot;&quot;,&quot;sizes&quot;:[]},&quot;_transform_translateY_effect_tablet&quot;:{&quot;unit&quot;:&quot;px&quot;,&quot;size&quot;:&quot;&quot;,&quot;sizes&quot;:[]},&quot;_transform_translateY_effect_mobile&quot;:{&quot;unit&quot;:&quot;px&quot;,&quot;size&quot;:&quot;&quot;,&quot;sizes&quot;:[]}}\">\n\t\t\t\t<div class=\"elementor-element elementor-element-4c1d73df elementor-button-align-center elementor-mobile-button-align-start elementor-widget__width-auto elementor-widget elementor-widget-form\" data-id=\"4c1d73df\" data-element_type=\"widget\" data-settings=\"{&quot;step_next_label&quot;:&quot;Dalej&quot;,&quot;step_previous_label&quot;:&quot;Wstecz&quot;,&quot;button_width&quot;:&quot;100&quot;,&quot;step_type&quot;:&quot;number_text&quot;,&quot;step_icon_shape&quot;:&quot;circle&quot;}\" data-widget_type=\"form.default\">\n\t\t\t\t\t\t\t<form class=\"elementor-form\" method=\"post\" name=\"Formularz kontaktowy\" aria-label=\"Formularz kontaktowy\">\n\t\t\t<input type=\"hidden\" name=\"post_id\" value=\"27\"\/>\n\t\t\t<input type=\"hidden\" name=\"form_id\" value=\"4c1d73df\"\/>\n\t\t\t<input type=\"hidden\" name=\"referer_title\" value=\"Kontakt - Strony z pasj\u0105!\" \/>\n\n\t\t\t\t\t\t\t<input type=\"hidden\" name=\"queried_id\" value=\"27\"\/>\n\t\t\t\n\t\t\t<div class=\"elementor-form-fields-wrapper elementor-labels-above\">\n\t\t\t\t\t\t\t\t<div class=\"elementor-field-type-text elementor-field-group elementor-column elementor-field-group-imi\u0119 elementor-col-100\">\n\t\t\t\t\t\t\t\t\t\t\t\t<label for=\"form-field-imi\u0119\" class=\"elementor-field-label\">\n\t\t\t\t\t\t\t\tImi\u0119 i nazwisko\t\t\t\t\t\t\t<\/label>\n\t\t\t\t\t\t\t\t\t\t\t\t\t\t<input size=\"1\" type=\"text\" name=\"form_fields[imi\u0119]\" id=\"form-field-imi\u0119\" class=\"elementor-field elementor-size-sm  elementor-field-textual\">\n\t\t\t\t\t\t\t\t\t\t\t<\/div>\n\t\t\t\t\t\t\t\t<div class=\"elementor-field-type-email elementor-field-group elementor-column elementor-field-group-email elementor-col-100 elementor-field-required\">\n\t\t\t\t\t\t\t\t\t\t\t\t<label for=\"form-field-email\" class=\"elementor-field-label\">\n\t\t\t\t\t\t\t\tAdres e-mail\t\t\t\t\t\t\t<\/label>\n\t\t\t\t\t\t\t\t\t\t\t\t\t\t<input size=\"1\" type=\"email\" name=\"form_fields[email]\" id=\"form-field-email\" class=\"elementor-field elementor-size-sm  elementor-field-textual\" required=\"required\">\n\t\t\t\t\t\t\t\t\t\t\t<\/div>\n\t\t\t\t\t\t\t\t<div class=\"elementor-field-type-textarea elementor-field-group elementor-column elementor-field-group-wiadomo\u015b\u0107 elementor-col-100\">\n\t\t\t\t\t\t\t\t\t\t\t\t<label for=\"form-field-wiadomo\u015b\u0107\" class=\"elementor-field-label\">\n\t\t\t\t\t\t\t\tTwoja wiadomo\u015b\u0107\t\t\t\t\t\t\t<\/label>\n\t\t\t\t\t\t<textarea class=\"elementor-field-textual elementor-field  elementor-size-sm\" name=\"form_fields[wiadomo\u015b\u0107]\" id=\"form-field-wiadomo\u015b\u0107\" rows=\"4\" placeholder=\"Wpisz swoj\u0105 wiadomo\u015b\u0107...\"><\/textarea>\t\t\t\t<\/div>\n\t\t\t\t\t\t\t\t<div class=\"elementor-field-group elementor-column elementor-field-type-submit elementor-col-100 e-form__buttons\">\n\t\t\t\t\t<button class=\"elementor-button elementor-size-md\" type=\"submit\">\n\t\t\t\t\t\t<span class=\"elementor-button-content-wrapper\">\n\t\t\t\t\t\t\t\t\t\t\t\t\t\t\t\t\t\t\t\t\t\t<span class=\"elementor-button-text\">Wy\u015blij<\/span>\n\t\t\t\t\t\t\t\t\t\t\t\t\t<\/span>\n\t\t\t\t\t<\/button>\n\t\t\t\t<\/div>\n\t\t\t<\/div>\n\t\t<\/form>\n\t\t\t\t\t\t<\/div>\n\t\t\t\t<\/div>\n\t\t\t\t\t<\/div>\n\t\t\t\t<\/div>\n\t\t\t\t\t<\/div>\n\t\t\t\t<\/div>\n\t\t<div class=\"elementor-element elementor-element-209537f3 e-flex e-con-boxed e-con e-parent\" data-id=\"209537f3\" data-element_type=\"container\">\n\t\t\t\t\t<div class=\"e-con-inner\">\n\t\t\t\t<div class=\"elementor-element elementor-element-1336c92d elementor-widget elementor-widget-google_maps\" data-id=\"1336c92d\" data-element_type=\"widget\" data-widget_type=\"google_maps.default\">\n\t\t\t\t\t\t\t<div class=\"elementor-custom-embed\">\n\t\t\t<iframe loading=\"lazy\"\n\t\t\t\t\tsrc=\"https:\/\/maps.google.com\/maps?q=Zamek%20Kr%C3%B3lewski%2C%20Warszawa%2C%20Polska&#038;t=m&#038;z=10&#038;output=embed&#038;iwloc=near\"\n\t\t\t\t\ttitle=\"Zamek Kr\u00f3lewski, Warszawa, Polska\"\n\t\t\t\t\taria-label=\"Zamek Kr\u00f3lewski, Warszawa, Polska\"\n\t\t\t><\/iframe>\n\t\t<\/div>\n\t\t\t\t\t\t<\/div>\n\t\t\t\t\t<\/div>\n\t\t\t\t<\/div>\n\t\t<div class=\"elementor-element elementor-element-49a256d0 e-flex e-con-boxed e-con e-parent\" data-id=\"49a256d0\" data-element_type=\"container\" data-settings=\"{&quot;background_background&quot;:&quot;classic&quot;}\">\n\t\t\t\t\t<div class=\"e-con-inner\">\n\t\t<div class=\"elementor-element elementor-element-647c83f7 e-con-full e-flex e-con e-child\" data-id=\"647c83f7\" data-element_type=\"container\">\n\t\t\t\t<div class=\"elementor-element elementor-element-6b1a7ad1 elementor-widget elementor-widget-heading\" data-id=\"6b1a7ad1\" data-element_type=\"widget\" data-widget_type=\"heading.default\">\n\t\t\t\t\t<h2 class=\"elementor-heading-title elementor-size-default\">Skontaktuj si\u0119 ze mn\u0105<\/h2>\t\t\t\t<\/div>\n\t\t\t\t<div class=\"elementor-element elementor-element-24d2908f elementor-widget elementor-widget-text-editor\" data-id=\"24d2908f\" data-element_type=\"widget\" data-widget_type=\"text-editor.default\">\n\t\t\t\t\t\t\t\t\t<p>Ch\u0119tnie odpowiem na wszystkie pytania. Zr\u00f3b krok w stron\u0119 wsp\u00f3\u0142pracy i daj zna\u0107, jak mog\u0119 pom\u00f3c.<\/p>\t\t\t\t\t\t\t\t<\/div>\n\t\t<div class=\"elementor-element elementor-element-7c78de1a e-flex e-con-boxed e-con e-child\" data-id=\"7c78de1a\" data-element_type=\"container\">\n\t\t\t\t\t<div class=\"e-con-inner\">\n\t\t\t\t<div class=\"elementor-element elementor-element-94475db elementor-widget__width-auto elementor-align-right elementor-widget elementor-widget-button\" data-id=\"94475db\" data-element_type=\"widget\" data-widget_type=\"button.default\">\n\t\t\t\t\t\t\t\t\t\t<a class=\"elementor-button elementor-button-link elementor-size-sm elementor-animation-grow\" href=\"https:\/\/magdalenagrencreates.com\/?page_id=27\">\n\t\t\t\t\t\t<span class=\"elementor-button-content-wrapper\">\n\t\t\t\t\t\t\t\t\t<span class=\"elementor-button-text\">Skontaktuj si\u0119<\/span>\n\t\t\t\t\t<\/span>\n\t\t\t\t\t<\/a>\n\t\t\t\t\t\t\t\t<\/div>\n\t\t\t\t\t<\/div>\n\t\t\t\t<\/div>\n\t\t\t\t<\/div>\n\t\t\t\t\t<\/div>\n\t\t\t\t<\/div>\n\t\t\t\t<\/div>\n\t\t","protected":false},"excerpt":{"rendered":"<p>Skontaktuj si\u0119 z nami Zapraszam do kontaktu! Czekam na Twoje pytania i sugestie. [&hellip;]<\/p>\n","protected":false},"author":1,"featured_media":0,"parent":0,"menu_order":0,"comment_status":"closed","ping_status":"closed","template":"elementor_header_footer","meta":{"footnotes":""},"class_list":["post-27","page","type-page","status-publish","hentry"],"yoast_head":"<!-- This site is optimized with the Yoast SEO plugin v25.9 - https:\/\/yoast.com\/wordpress\/plugins\/seo\/ -->\n<title>Kontakt - Strony z pasj\u0105!<\/title>\n<meta name=\"robots\" content=\"index, follow, max-snippet:-1, max-image-preview:large, max-video-preview:-1\" \/>\n<link rel=\"canonical\" href=\"https:\/\/magdalenagrencreates.com\/?page_id=27\" \/>\n<meta property=\"og:locale\" content=\"pl_PL\" \/>\n<meta property=\"og:type\" content=\"article\" \/>\n<meta property=\"og:title\" content=\"Kontakt - Strony z pasj\u0105!\" \/>\n<meta property=\"og:description\" content=\"Skontaktuj si\u0119 z nami Zapraszam do kontaktu! Czekam na Twoje pytania i sugestie. [&hellip;]\" \/>\n<meta property=\"og:url\" content=\"https:\/\/magdalenagrencreates.com\/?page_id=27\" \/>\n<meta property=\"og:site_name\" content=\"Strony z pasj\u0105!\" \/>\n<meta property=\"article:modified_time\" content=\"2025-09-10T11:23:55+00:00\" \/>\n<meta name=\"twitter:card\" content=\"summary_large_image\" \/>\n<script type=\"application\/ld+json\" class=\"yoast-schema-graph\">{\"@context\":\"https:\/\/schema.org\",\"@graph\":[{\"@type\":\"WebPage\",\"@id\":\"https:\/\/magdalenagrencreates.com\/?page_id=27\",\"url\":\"https:\/\/magdalenagrencreates.com\/?page_id=27\",\"name\":\"Kontakt - Strony z pasj\u0105!\",\"isPartOf\":{\"@id\":\"https:\/\/magdalenagrencreates.com\/#website\"},\"datePublished\":\"2025-09-10T08:13:54+00:00\",\"dateModified\":\"2025-09-10T11:23:55+00:00\",\"breadcrumb\":{\"@id\":\"https:\/\/magdalenagrencreates.com\/?page_id=27#breadcrumb\"},\"inLanguage\":\"pl-PL\",\"potentialAction\":[{\"@type\":\"ReadAction\",\"target\":[\"https:\/\/magdalenagrencreates.com\/?page_id=27\"]}]},{\"@type\":\"BreadcrumbList\",\"@id\":\"https:\/\/magdalenagrencreates.com\/?page_id=27#breadcrumb\",\"itemListElement\":[{\"@type\":\"ListItem\",\"position\":1,\"name\":\"Strona g\u0142\u00f3wna\",\"item\":\"https:\/\/magdalenagrencreates.com\/\"},{\"@type\":\"ListItem\",\"position\":2,\"name\":\"Kontakt\"}]},{\"@type\":\"WebSite\",\"@id\":\"https:\/\/magdalenagrencreates.com\/#website\",\"url\":\"https:\/\/magdalenagrencreates.com\/\",\"name\":\"Strony z pasj\u0105!\",\"description\":\"\",\"publisher\":{\"@id\":\"https:\/\/magdalenagrencreates.com\/#organization\"},\"potentialAction\":[{\"@type\":\"SearchAction\",\"target\":{\"@type\":\"EntryPoint\",\"urlTemplate\":\"https:\/\/magdalenagrencreates.com\/?s={search_term_string}\"},\"query-input\":{\"@type\":\"PropertyValueSpecification\",\"valueRequired\":true,\"valueName\":\"search_term_string\"}}],\"inLanguage\":\"pl-PL\"},{\"@type\":\"Organization\",\"@id\":\"https:\/\/magdalenagrencreates.com\/#organization\",\"name\":\"Strony z pasj\u0105!\",\"url\":\"https:\/\/magdalenagrencreates.com\/\",\"logo\":{\"@type\":\"ImageObject\",\"inLanguage\":\"pl-PL\",\"@id\":\"https:\/\/magdalenagrencreates.com\/#\/schema\/logo\/image\/\",\"url\":\"https:\/\/magdalenagrencreates.com\/wp-content\/uploads\/2025\/09\/cropped-Zdjecie-WhatsApp-2025-09-10-o-09.43.51_937d223f.jpg\",\"contentUrl\":\"https:\/\/magdalenagrencreates.com\/wp-content\/uploads\/2025\/09\/cropped-Zdjecie-WhatsApp-2025-09-10-o-09.43.51_937d223f.jpg\",\"width\":512,\"height\":512,\"caption\":\"Strony  z pasj\u0105!\"},\"image\":{\"@id\":\"https:\/\/magdalenagrencreates.com\/#\/schema\/logo\/image\/\"}}]}<\/script>\n<!-- \/ Yoast SEO plugin. -->","yoast_head_json":{"title":"Kontakt - Strony z pasj\u0105!","robots":{"index":"index","follow":"follow","max-snippet":"max-snippet:-1","max-image-preview":"max-image-preview:large","max-video-preview":"max-video-preview:-1"},"canonical":"https:\/\/magdalenagrencreates.com\/?page_id=27","og_locale":"pl_PL","og_type":"article","og_title":"Kontakt - Strony z pasj\u0105!","og_description":"Skontaktuj si\u0119 z nami Zapraszam do kontaktu! Czekam na Twoje pytania i sugestie. [&hellip;]","og_url":"https:\/\/magdalenagrencreates.com\/?page_id=27","og_site_name":"Strony z pasj\u0105!","article_modified_time":"2025-09-10T11:23:55+00:00","twitter_card":"summary_large_image","schema":{"@context":"https:\/\/schema.org","@graph":[{"@type":"WebPage","@id":"https:\/\/magdalenagrencreates.com\/?page_id=27","url":"https:\/\/magdalenagrencreates.com\/?page_id=27","name":"Kontakt - Strony z pasj\u0105!","isPartOf":{"@id":"https:\/\/magdalenagrencreates.com\/#website"},"datePublished":"2025-09-10T08:13:54+00:00","dateModified":"2025-09-10T11:23:55+00:00","breadcrumb":{"@id":"https:\/\/magdalenagrencreates.com\/?page_id=27#breadcrumb"},"inLanguage":"pl-PL","potentialAction":[{"@type":"ReadAction","target":["https:\/\/magdalenagrencreates.com\/?page_id=27"]}]},{"@type":"BreadcrumbList","@id":"https:\/\/magdalenagrencreates.com\/?page_id=27#breadcrumb","itemListElement":[{"@type":"ListItem","position":1,"name":"Strona g\u0142\u00f3wna","item":"https:\/\/magdalenagrencreates.com\/"},{"@type":"ListItem","position":2,"name":"Kontakt"}]},{"@type":"WebSite","@id":"https:\/\/magdalenagrencreates.com\/#website","url":"https:\/\/magdalenagrencreates.com\/","name":"Strony z pasj\u0105!","description":"","publisher":{"@id":"https:\/\/magdalenagrencreates.com\/#organization"},"potentialAction":[{"@type":"SearchAction","target":{"@type":"EntryPoint","urlTemplate":"https:\/\/magdalenagrencreates.com\/?s={search_term_string}"},"query-input":{"@type":"PropertyValueSpecification","valueRequired":true,"valueName":"search_term_string"}}],"inLanguage":"pl-PL"},{"@type":"Organization","@id":"https:\/\/magdalenagrencreates.com\/#organization","name":"Strony z pasj\u0105!","url":"https:\/\/magdalenagrencreates.com\/","logo":{"@type":"ImageObject","inLanguage":"pl-PL","@id":"https:\/\/magdalenagrencreates.com\/#\/schema\/logo\/image\/","url":"https:\/\/magdalenagrencreates.com\/wp-content\/uploads\/2025\/09\/cropped-Zdjecie-WhatsApp-2025-09-10-o-09.43.51_937d223f.jpg","contentUrl":"https:\/\/magdalenagrencreates.com\/wp-content\/uploads\/2025\/09\/cropped-Zdjecie-WhatsApp-2025-09-10-o-09.43.51_937d223f.jpg","width":512,"height":512,"caption":"Strony  z pasj\u0105!"},"image":{"@id":"https:\/\/magdalenagrencreates.com\/#\/schema\/logo\/image\/"}}]}},"_links":{"self":[{"href":"https:\/\/magdalenagrencreates.com\/index.php?rest_route=\/wp\/v2\/pages\/27","targetHints":{"allow":["GET"]}}],"collection":[{"href":"https:\/\/magdalenagrencreates.com\/index.php?rest_route=\/wp\/v2\/pages"}],"about":[{"href":"https:\/\/magdalenagrencreates.com\/index.php?rest_route=\/wp\/v2\/types\/page"}],"author":[{"embeddable":true,"href":"https:\/\/magdalenagrencreates.com\/index.php?rest_route=\/wp\/v2\/users\/1"}],"replies":[{"embeddable":true,"href":"https:\/\/magdalenagrencreates.com\/index.php?rest_route=%2Fwp%2Fv2%2Fcomments&post=27"}],"version-history":[{"count":7,"href":"https:\/\/magdalenagrencreates.com\/index.php?rest_route=\/wp\/v2\/pages\/27\/revisions"}],"predecessor-version":[{"id":105,"href":"https:\/\/magdalenagrencreates.com\/index.php?rest_route=\/wp\/v2\/pages\/27\/revisions\/105"}],"wp:attachment":[{"href":"https:\/\/magdalenagrencreates.com\/index.php?rest_route=%2Fwp%2Fv2%2Fmedia&parent=27"}],"curies":[{"name":"wp","href":"https:\/\/api.w.org\/{rel}","templated":true}]}}