{"id":24,"date":"2025-09-10T10:13:54","date_gmt":"2025-09-10T08:13:54","guid":{"rendered":"https:\/\/magdalenagrencreates.com\/?page_id=24"},"modified":"2025-09-10T12:27:29","modified_gmt":"2025-09-10T10:27:29","slug":"o-mnie","status":"publish","type":"page","link":"https:\/\/magdalenagrencreates.com\/?page_id=24","title":{"rendered":"O mnie"},"content":{"rendered":"\t\t<div data-elementor-type=\"wp-page\" data-elementor-id=\"24\" class=\"elementor elementor-24\" data-elementor-post-type=\"page\">\n\t\t\t\t<div class=\"elementor-element elementor-element-5a479425 e-flex e-con-boxed e-con e-parent\" data-id=\"5a479425\" data-element_type=\"container\" data-settings=\"{&quot;background_background&quot;:&quot;classic&quot;}\">\n\t\t\t\t\t<div class=\"e-con-inner\">\n\t\t<div class=\"elementor-element elementor-element-6b7fcd98 e-con-full e-flex e-con e-child\" data-id=\"6b7fcd98\" data-element_type=\"container\">\n\t\t\t\t<div class=\"elementor-element elementor-element-739678a1 elementor-invisible elementor-widget elementor-widget-heading\" data-id=\"739678a1\" data-element_type=\"widget\" data-settings=\"{&quot;_animation&quot;:&quot;lightSpeedIn&quot;}\" data-widget_type=\"heading.default\">\n\t\t\t\t\t<h5 class=\"elementor-heading-title elementor-size-default\">Tw\u00f3j styl, moje wsparcie!<\/h5>\t\t\t\t<\/div>\n\t\t\t\t<div class=\"elementor-element elementor-element-34aa8f6d elementor-invisible elementor-widget elementor-widget-heading\" data-id=\"34aa8f6d\" data-element_type=\"widget\" data-settings=\"{&quot;_animation&quot;:&quot;fadeIn&quot;}\" data-widget_type=\"heading.default\">\n\t\t\t\t\t<h2 class=\"elementor-heading-title elementor-size-default\">Zawsze przy Twoim boku<\/h2>\t\t\t\t<\/div>\n\t\t<div class=\"elementor-element elementor-element-53cca296 e-con-full e-flex e-con e-child\" data-id=\"53cca296\" data-element_type=\"container\">\n\t\t\t\t<div class=\"elementor-element elementor-element-3378e689 elementor-widget__width-auto elementor-align-right elementor-widget elementor-widget-button\" data-id=\"3378e689\" data-element_type=\"widget\" data-widget_type=\"button.default\">\n\t\t\t\t\t\t\t\t\t\t<a class=\"elementor-button elementor-button-link elementor-size-sm elementor-animation-grow\" href=\"https:\/\/magdalenagrencreates.com\/?page_id=30\">\n\t\t\t\t\t\t<span class=\"elementor-button-content-wrapper\">\n\t\t\t\t\t\t\t\t\t<span class=\"elementor-button-text\">Zobacz wi\u0119cej<\/span>\n\t\t\t\t\t<\/span>\n\t\t\t\t\t<\/a>\n\t\t\t\t\t\t\t\t<\/div>\n\t\t\t\t<div class=\"elementor-element elementor-element-2f4d0091 elementor-widget__width-auto elementor-align-right elementor-widget elementor-widget-button\" data-id=\"2f4d0091\" data-element_type=\"widget\" data-widget_type=\"button.default\">\n\t\t\t\t\t\t\t\t\t\t<a class=\"elementor-button elementor-button-link elementor-size-sm elementor-animation-grow\" href=\"https:\/\/magdalenagrencreates.com\/?page_id=27\">\n\t\t\t\t\t\t<span class=\"elementor-button-content-wrapper\">\n\t\t\t\t\t\t\t\t\t<span class=\"elementor-button-text\">Skontaktuj si\u0119<\/span>\n\t\t\t\t\t<\/span>\n\t\t\t\t\t<\/a>\n\t\t\t\t\t\t\t\t<\/div>\n\t\t\t\t<\/div>\n\t\t\t\t<\/div>\n\t\t\t\t\t<\/div>\n\t\t\t\t<\/div>\n\t\t<div class=\"elementor-element elementor-element-56ece8de e-flex e-con-boxed e-con e-parent\" data-id=\"56ece8de\" data-element_type=\"container\">\n\t\t\t\t\t<div class=\"e-con-inner\">\n\t\t<div class=\"elementor-element elementor-element-24b9fb1e e-con-full e-flex e-con e-child\" data-id=\"24b9fb1e\" data-element_type=\"container\" data-settings=\"{&quot;background_background&quot;:&quot;classic&quot;}\">\n\t\t\t\t<div class=\"elementor-element elementor-element-5e60d630 elementor-widget elementor-widget-heading\" data-id=\"5e60d630\" data-element_type=\"widget\" data-widget_type=\"heading.default\">\n\t\t\t\t\t<h1 class=\"elementor-heading-title elementor-size-default\">Moja historia<\/h1>\t\t\t\t<\/div>\n\t\t\t\t<div class=\"elementor-element elementor-element-18c2a326 elementor-widget elementor-widget-text-editor\" data-id=\"18c2a326\" data-element_type=\"widget\" data-widget_type=\"text-editor.default\">\n\t\t\t\t\t\t\t\t\t<h5>Moja przygoda ze stronami internetowymi zacz\u0119\u0142a si\u0119 od ciekawo\u015bci \u2013 chcia\u0142em zrozumie\u0107, jak dzia\u0142aj\u0105 i jak mo\u017cna je tworzy\u0107 od podstaw. Z czasem sta\u0142o si\u0119 to moj\u0105 pasj\u0105, a dzi\u015b coraz cz\u0119\u015bciej moj\u0105 codzienno\u015bci\u0105.<\/h5><h5>Obecnie rozwijam si\u0119 w kierunku web developmentu i planuj\u0119 dalsz\u0105 nauk\u0119 na studiach zwi\u0105zanych z programowaniem i projektowaniem stron WWW. Chc\u0119 \u0142\u0105czy\u0107 kreatywno\u015b\u0107 z technologi\u0105, aby tworzy\u0107 nowoczesne i funkcjonalne strony, kt\u00f3re pomagaj\u0105 innym zaistnie\u0107 w sieci.<\/h5>\t\t\t\t\t\t\t\t<\/div>\n\t\t\t\t<\/div>\n\t\t\t\t\t<\/div>\n\t\t\t\t<\/div>\n\t\t<div class=\"elementor-element elementor-element-339891ae e-flex e-con-boxed e-con e-parent\" data-id=\"339891ae\" data-element_type=\"container\">\n\t\t\t\t\t<div class=\"e-con-inner\">\n\t\t<div class=\"elementor-element elementor-element-2c25cc14 e-con-full e-flex e-con e-child\" data-id=\"2c25cc14\" data-element_type=\"container\">\n\t\t\t\t<div class=\"elementor-element elementor-element-202f48cf elementor-widget elementor-widget-heading\" data-id=\"202f48cf\" data-element_type=\"widget\" data-widget_type=\"heading.default\">\n\t\t\t\t\t<h4 class=\"elementor-heading-title elementor-size-default\">Szczeg\u00f3\u0142y mojej kariery zawodowej<\/h4>\t\t\t\t<\/div>\n\t\t\t\t<div class=\"elementor-element elementor-element-44856ca9 elementor-widget elementor-widget-text-editor\" data-id=\"44856ca9\" data-element_type=\"widget\" data-widget_type=\"text-editor.default\">\n\t\t\t\t\t\t\t\t\t<p>Moja kariera zacz\u0119\u0142a si\u0119 od pracy w bran\u017cy telekomunikacyjnej, gdzie z pasj\u0105 rozwija\u0142em swoje umiej\u0119tno\u015bci. Od tamtej pory, ka\u017cdy projekt sta\u0142 si\u0119 dla mnie nie tylko wyzwaniem, ale i szans\u0105 na nauk\u0119.<\/p>\t\t\t\t\t\t\t\t<\/div>\n\t\t\t\t<\/div>\n\t\t<div class=\"elementor-element elementor-element-add3e90 e-con-full e-flex e-con e-child\" data-id=\"add3e90\" data-element_type=\"container\">\n\t\t\t\t<div class=\"elementor-element elementor-element-78aecf82 elementor-widget elementor-widget-heading\" data-id=\"78aecf82\" data-element_type=\"widget\" data-widget_type=\"heading.default\">\n\t\t\t\t\t<h4 class=\"elementor-heading-title elementor-size-default\">Pasja do tworzenia<\/h4>\t\t\t\t<\/div>\n\t\t\t\t<div class=\"elementor-element elementor-element-4d82dc96 elementor-widget elementor-widget-text-editor\" data-id=\"4d82dc96\" data-element_type=\"widget\" data-widget_type=\"text-editor.default\">\n\t\t\t\t\t\t\t\t\t<p>Tworzenie stron internetowych to dla mnie nie tylko praca, ale i ogromna pasja. Ka\u017cdy element, ka\u017cdy detal maj\u0105 dla mnie znaczenie i ka\u017cdy projekt traktuj\u0119 jako unikalne wyzwanie.<\/p>\t\t\t\t\t\t\t\t<\/div>\n\t\t\t\t<\/div>\n\t\t<div class=\"elementor-element elementor-element-57fc914e e-con-full e-flex e-con e-child\" data-id=\"57fc914e\" data-element_type=\"container\">\n\t\t\t\t<div class=\"elementor-element elementor-element-783a2599 elementor-widget elementor-widget-heading\" data-id=\"783a2599\" data-element_type=\"widget\" data-widget_type=\"heading.default\">\n\t\t\t\t\t<h4 class=\"elementor-heading-title elementor-size-default\">Dlaczego warto ze mn\u0105 pracowa\u0107?<\/h4>\t\t\t\t<\/div>\n\t\t\t\t<div class=\"elementor-element elementor-element-5ee430e9 elementor-widget elementor-widget-text-editor\" data-id=\"5ee430e9\" data-element_type=\"widget\" data-widget_type=\"text-editor.default\">\n\t\t\t\t\t\t\t\t\t<p>Wsp\u00f3\u0142praca ze mn\u0105 to gwarancja zaanga\u017cowania i profesjonalizmu. Chc\u0119, aby ka\u017cdy klient czu\u0142 si\u0119 s\u0142uchany i doceniany, a moje us\u0142ugi by\u0142y na najwy\u017cszym poziomie.<\/p>\t\t\t\t\t\t\t\t<\/div>\n\t\t\t\t<\/div>\n\t\t\t\t\t<\/div>\n\t\t\t\t<\/div>\n\t\t<div class=\"elementor-element elementor-element-654fea2f e-flex e-con-boxed e-con e-parent\" data-id=\"654fea2f\" data-element_type=\"container\" data-settings=\"{&quot;background_background&quot;:&quot;classic&quot;}\">\n\t\t\t\t\t<div class=\"e-con-inner\">\n\t\t\t\t<div class=\"elementor-element elementor-element-b9b4a39 elementor-widget elementor-widget-heading\" data-id=\"b9b4a39\" data-element_type=\"widget\" data-widget_type=\"heading.default\">\n\t\t\t\t\t<h2 class=\"elementor-heading-title elementor-size-default\">Zobacz, jak moje umiej\u0119tno\u015bci wyr\u00f3\u017cniaj\u0105 mnie na rynku<\/h2>\t\t\t\t<\/div>\n\t\t<div class=\"elementor-element elementor-element-712bc445 e-con-full e-flex e-con e-child\" data-id=\"712bc445\" data-element_type=\"container\">\n\t\t<div class=\"elementor-element elementor-element-7666ac6a e-con-full e-flex e-con e-child\" data-id=\"7666ac6a\" data-element_type=\"container\">\n\t\t\t\t<div class=\"elementor-element elementor-element-14444607 elementor-vertical-align-top elementor-widget elementor-widget-image-box\" data-id=\"14444607\" data-element_type=\"widget\" data-widget_type=\"image-box.default\">\n\t\t\t\t\t<div class=\"elementor-image-box-wrapper\"><div class=\"elementor-image-box-content\"><h3 class=\"elementor-image-box-title\">Tworzenie Stron Internetowych<\/h3><p class=\"elementor-image-box-description\">Zindywidualizowane rozwi\u0105zania dla Twojej marki<\/p><\/div><\/div>\t\t\t\t<\/div>\n\t\t\t\t<div class=\"elementor-element elementor-element-25fc466d elementor-widget elementor-widget-text-editor\" data-id=\"25fc466d\" data-element_type=\"widget\" data-widget_type=\"text-editor.default\">\n\t\t\t\t\t\t\t\t\t<p>Specjalizuj\u0119 si\u0119 w projektowaniu i tworzeniu responsywnych stron internetowych, kt\u00f3re przemieniaj\u0105 pomys\u0142y w atrakcyjne wizyty online. Dzi\u0119ki zrozumieniu najnowszych trend\u00f3w w bran\u017cy, potrafi\u0119 stworzy\u0107 do\u015bwiadczenie, kt\u00f3re przyci\u0105ga u\u017cytkownik\u00f3w i zwi\u0119ksza ich zaanga\u017cowanie.<\/p>\t\t\t\t\t\t\t\t<\/div>\n\t\t\t\t<\/div>\n\t\t<div class=\"elementor-element elementor-element-2e2a8960 e-con-full e-flex e-con e-child\" data-id=\"2e2a8960\" data-element_type=\"container\">\n\t\t\t\t<div class=\"elementor-element elementor-element-5ceec158 elementor-vertical-align-top elementor-widget elementor-widget-image-box\" data-id=\"5ceec158\" data-element_type=\"widget\" data-widget_type=\"image-box.default\">\n\t\t\t\t\t<div class=\"elementor-image-box-wrapper\"><div class=\"elementor-image-box-content\"><h3 class=\"elementor-image-box-title\">Optymalizacja SEO<\/h3><p class=\"elementor-image-box-description\">Zwi\u0119kszenie widoczno\u015bci w internecie<\/p><\/div><\/div>\t\t\t\t<\/div>\n\t\t\t\t<div class=\"elementor-element elementor-element-4eb35d5b elementor-widget elementor-widget-text-editor\" data-id=\"4eb35d5b\" data-element_type=\"widget\" data-widget_type=\"text-editor.default\">\n\t\t\t\t\t\t\t\t\t<p>Optymalizuj\u0119 strony internetowe pod k\u0105tem wyszukiwarek, aby zapewni\u0107 lepsze rankingi i wi\u0119kszy ruch organiczny. Dzi\u0119ki odpowiednim s\u0142owom kluczowym i technikom SEO pomagam firmom dotrze\u0107 do ich docelowych grup odbiorc\u00f3w.<\/p>\t\t\t\t\t\t\t\t<\/div>\n\t\t\t\t<\/div>\n\t\t<div class=\"elementor-element elementor-element-1ecaa4ef e-con-full e-flex e-con e-child\" data-id=\"1ecaa4ef\" data-element_type=\"container\">\n\t\t\t\t<div class=\"elementor-element elementor-element-2219ac0b elementor-vertical-align-top elementor-widget elementor-widget-image-box\" data-id=\"2219ac0b\" data-element_type=\"widget\" data-widget_type=\"image-box.default\">\n\t\t\t\t\t<div class=\"elementor-image-box-wrapper\"><div class=\"elementor-image-box-content\"><h3 class=\"elementor-image-box-title\">Wsparcie Techniczne<\/h3><p class=\"elementor-image-box-description\">Pomoc w rozwi\u0105zywaniu problem\u00f3w<\/p><\/div><\/div>\t\t\t\t<\/div>\n\t\t\t\t<div class=\"elementor-element elementor-element-6436b66f elementor-widget elementor-widget-text-editor\" data-id=\"6436b66f\" data-element_type=\"widget\" data-widget_type=\"text-editor.default\">\n\t\t\t\t\t\t\t\t\t<p>Oferuj\u0119 pe\u0142ne wsparcie techniczne dla stron internetowych, pomagaj\u0105c w szybkim usuwaniu problem\u00f3w oraz utrzymaniu wysokiej jako\u015bci dzia\u0142ania. Dzi\u0119ki mojej pomocy mo\u017cesz skupi\u0107 si\u0119 na rozwoju swojego biznesu, maj\u0105c pewno\u015b\u0107, \u017ce Twoja strona dzia\u0142a optymalnie.<\/p>\t\t\t\t\t\t\t\t<\/div>\n\t\t\t\t<\/div>\n\t\t\t\t<\/div>\n\t\t\t\t\t<\/div>\n\t\t\t\t<\/div>\n\t\t<div class=\"elementor-element elementor-element-7d884280 e-flex e-con-boxed e-con e-parent\" data-id=\"7d884280\" data-element_type=\"container\" data-settings=\"{&quot;background_background&quot;:&quot;classic&quot;}\">\n\t\t\t\t\t<div class=\"e-con-inner\">\n\t\t<div class=\"elementor-element elementor-element-3c8abb4a e-con-full e-flex e-con e-child\" data-id=\"3c8abb4a\" data-element_type=\"container\">\n\t\t\t\t<div class=\"elementor-element elementor-element-6a04bd88 elementor-widget elementor-widget-heading\" data-id=\"6a04bd88\" data-element_type=\"widget\" data-widget_type=\"heading.default\">\n\t\t\t\t\t<h2 class=\"elementor-heading-title elementor-size-default\">B\u0105d\u017a w kontakcie ze mn\u0105<\/h2>\t\t\t\t<\/div>\n\t\t\t\t<div class=\"elementor-element elementor-element-73d1a742 elementor-widget elementor-widget-text-editor\" data-id=\"73d1a742\" data-element_type=\"widget\" data-widget_type=\"text-editor.default\">\n\t\t\t\t\t\t\t\t\t<p>Masz pytania lub chcesz zdoby\u0107 wi\u0119cej informacji? Wype\u0142nij formularz, a skontaktujemy si\u0119 z Tob\u0105 jak najszybciej. Tw\u00f3j g\u0142os jest dla nas wa\u017cny!<\/p>\t\t\t\t\t\t\t\t<\/div>\n\t\t\t\t<div class=\"elementor-element elementor-element-55ac0909 elementor-mobile-button-align-stretch elementor-widget__width-auto elementor-button-align-stretch elementor-widget elementor-widget-form\" data-id=\"55ac0909\" data-element_type=\"widget\" data-settings=\"{&quot;button_width&quot;:&quot;30&quot;,&quot;step_next_label&quot;:&quot;Dalej&quot;,&quot;step_previous_label&quot;:&quot;Wstecz&quot;,&quot;button_width_tablet&quot;:&quot;40&quot;,&quot;button_width_mobile&quot;:&quot;100&quot;,&quot;step_type&quot;:&quot;number_text&quot;,&quot;step_icon_shape&quot;:&quot;circle&quot;}\" data-widget_type=\"form.default\">\n\t\t\t\t\t\t\t<form class=\"elementor-form\" method=\"post\" name=\"Formularz kontaktowy\" aria-label=\"Formularz kontaktowy\">\n\t\t\t<input type=\"hidden\" name=\"post_id\" value=\"24\"\/>\n\t\t\t<input type=\"hidden\" name=\"form_id\" value=\"55ac0909\"\/>\n\t\t\t<input type=\"hidden\" name=\"referer_title\" value=\"O mnie - Strony z pasj\u0105!\" \/>\n\n\t\t\t\t\t\t\t<input type=\"hidden\" name=\"queried_id\" value=\"24\"\/>\n\t\t\t\n\t\t\t<div class=\"elementor-form-fields-wrapper elementor-labels-above\">\n\t\t\t\t\t\t\t\t<div class=\"elementor-field-type-textarea elementor-field-group elementor-column elementor-field-group-imi\u0119 elementor-col-70 elementor-md-60 elementor-field-required\">\n\t\t\t\t\t<textarea class=\"elementor-field-textual elementor-field  elementor-size-sm\" name=\"form_fields[imi\u0119]\" id=\"form-field-imi\u0119\" rows=\"4\" placeholder=\"Wpisz swoje pytanie!\" required=\"required\"><\/textarea>\t\t\t\t<\/div>\n\t\t\t\t\t\t\t\t<div class=\"elementor-field-group elementor-column elementor-field-type-submit elementor-col-30 e-form__buttons elementor-md-40 elementor-sm-100\">\n\t\t\t\t\t<button class=\"elementor-button elementor-size-xs\" type=\"submit\">\n\t\t\t\t\t\t<span class=\"elementor-button-content-wrapper\">\n\t\t\t\t\t\t\t\t\t\t\t\t\t\t\t\t\t\t\t\t\t\t<span class=\"elementor-button-text\">Wy\u015blij zg\u0142oszenie<\/span>\n\t\t\t\t\t\t\t\t\t\t\t\t\t<\/span>\n\t\t\t\t\t<\/button>\n\t\t\t\t<\/div>\n\t\t\t<\/div>\n\t\t<\/form>\n\t\t\t\t\t\t<\/div>\n\t\t\t\t<div class=\"elementor-element elementor-element-18ddfc2b elementor-widget elementor-widget-text-editor\" data-id=\"18ddfc2b\" data-element_type=\"widget\" data-widget_type=\"text-editor.default\">\n\t\t\t\t\t\t\t\t\t<p>Klikaj\u0105c Wy\u015blij, potwierdzasz, \u017ce akceptujesz nasze Warunki korzystania z us\u0142ug.<\/p>\t\t\t\t\t\t\t\t<\/div>\n\t\t\t\t<\/div>\n\t\t\t\t\t<\/div>\n\t\t\t\t<\/div>\n\t\t\t\t<\/div>\n\t\t","protected":false},"excerpt":{"rendered":"<p>Tw\u00f3j styl, moje wsparcie! Zawsze przy Twoim boku Zobacz wi\u0119cej Skontaktuj si\u0119 Moja [&hellip;]<\/p>\n","protected":false},"author":1,"featured_media":0,"parent":0,"menu_order":0,"comment_status":"closed","ping_status":"closed","template":"elementor_header_footer","meta":{"footnotes":""},"class_list":["post-24","page","type-page","status-publish","hentry"],"yoast_head":"<!-- This site is optimized with the Yoast SEO plugin v25.9 - https:\/\/yoast.com\/wordpress\/plugins\/seo\/ -->\n<title>O mnie - Strony z pasj\u0105!<\/title>\n<meta name=\"robots\" content=\"index, follow, max-snippet:-1, max-image-preview:large, max-video-preview:-1\" \/>\n<link rel=\"canonical\" href=\"https:\/\/magdalenagrencreates.com\/?page_id=24\" \/>\n<meta property=\"og:locale\" content=\"pl_PL\" \/>\n<meta property=\"og:type\" content=\"article\" \/>\n<meta property=\"og:title\" content=\"O mnie - Strony z pasj\u0105!\" \/>\n<meta property=\"og:description\" content=\"Tw\u00f3j styl, moje wsparcie! Zawsze przy Twoim boku Zobacz wi\u0119cej Skontaktuj si\u0119 Moja [&hellip;]\" \/>\n<meta property=\"og:url\" content=\"https:\/\/magdalenagrencreates.com\/?page_id=24\" \/>\n<meta property=\"og:site_name\" content=\"Strony z pasj\u0105!\" \/>\n<meta property=\"article:modified_time\" content=\"2025-09-10T10:27:29+00:00\" \/>\n<meta name=\"twitter:card\" content=\"summary_large_image\" \/>\n<meta name=\"twitter:label1\" content=\"Szacowany czas czytania\" \/>\n\t<meta name=\"twitter:data1\" content=\"3 minuty\" \/>\n<script type=\"application\/ld+json\" class=\"yoast-schema-graph\">{\"@context\":\"https:\/\/schema.org\",\"@graph\":[{\"@type\":\"WebPage\",\"@id\":\"https:\/\/magdalenagrencreates.com\/?page_id=24\",\"url\":\"https:\/\/magdalenagrencreates.com\/?page_id=24\",\"name\":\"O mnie - Strony z pasj\u0105!\",\"isPartOf\":{\"@id\":\"https:\/\/magdalenagrencreates.com\/#website\"},\"datePublished\":\"2025-09-10T08:13:54+00:00\",\"dateModified\":\"2025-09-10T10:27:29+00:00\",\"breadcrumb\":{\"@id\":\"https:\/\/magdalenagrencreates.com\/?page_id=24#breadcrumb\"},\"inLanguage\":\"pl-PL\",\"potentialAction\":[{\"@type\":\"ReadAction\",\"target\":[\"https:\/\/magdalenagrencreates.com\/?page_id=24\"]}]},{\"@type\":\"BreadcrumbList\",\"@id\":\"https:\/\/magdalenagrencreates.com\/?page_id=24#breadcrumb\",\"itemListElement\":[{\"@type\":\"ListItem\",\"position\":1,\"name\":\"Strona g\u0142\u00f3wna\",\"item\":\"https:\/\/magdalenagrencreates.com\/\"},{\"@type\":\"ListItem\",\"position\":2,\"name\":\"O mnie\"}]},{\"@type\":\"WebSite\",\"@id\":\"https:\/\/magdalenagrencreates.com\/#website\",\"url\":\"https:\/\/magdalenagrencreates.com\/\",\"name\":\"Strony z pasj\u0105!\",\"description\":\"\",\"publisher\":{\"@id\":\"https:\/\/magdalenagrencreates.com\/#organization\"},\"potentialAction\":[{\"@type\":\"SearchAction\",\"target\":{\"@type\":\"EntryPoint\",\"urlTemplate\":\"https:\/\/magdalenagrencreates.com\/?s={search_term_string}\"},\"query-input\":{\"@type\":\"PropertyValueSpecification\",\"valueRequired\":true,\"valueName\":\"search_term_string\"}}],\"inLanguage\":\"pl-PL\"},{\"@type\":\"Organization\",\"@id\":\"https:\/\/magdalenagrencreates.com\/#organization\",\"name\":\"Strony z pasj\u0105!\",\"url\":\"https:\/\/magdalenagrencreates.com\/\",\"logo\":{\"@type\":\"ImageObject\",\"inLanguage\":\"pl-PL\",\"@id\":\"https:\/\/magdalenagrencreates.com\/#\/schema\/logo\/image\/\",\"url\":\"https:\/\/magdalenagrencreates.com\/wp-content\/uploads\/2025\/09\/cropped-Zdjecie-WhatsApp-2025-09-10-o-09.43.51_937d223f.jpg\",\"contentUrl\":\"https:\/\/magdalenagrencreates.com\/wp-content\/uploads\/2025\/09\/cropped-Zdjecie-WhatsApp-2025-09-10-o-09.43.51_937d223f.jpg\",\"width\":512,\"height\":512,\"caption\":\"Strony  z pasj\u0105!\"},\"image\":{\"@id\":\"https:\/\/magdalenagrencreates.com\/#\/schema\/logo\/image\/\"}}]}<\/script>\n<!-- \/ Yoast SEO plugin. -->","yoast_head_json":{"title":"O mnie - Strony z pasj\u0105!","robots":{"index":"index","follow":"follow","max-snippet":"max-snippet:-1","max-image-preview":"max-image-preview:large","max-video-preview":"max-video-preview:-1"},"canonical":"https:\/\/magdalenagrencreates.com\/?page_id=24","og_locale":"pl_PL","og_type":"article","og_title":"O mnie - Strony z pasj\u0105!","og_description":"Tw\u00f3j styl, moje wsparcie! Zawsze przy Twoim boku Zobacz wi\u0119cej Skontaktuj si\u0119 Moja [&hellip;]","og_url":"https:\/\/magdalenagrencreates.com\/?page_id=24","og_site_name":"Strony z pasj\u0105!","article_modified_time":"2025-09-10T10:27:29+00:00","twitter_card":"summary_large_image","twitter_misc":{"Szacowany czas czytania":"3 minuty"},"schema":{"@context":"https:\/\/schema.org","@graph":[{"@type":"WebPage","@id":"https:\/\/magdalenagrencreates.com\/?page_id=24","url":"https:\/\/magdalenagrencreates.com\/?page_id=24","name":"O mnie - Strony z pasj\u0105!","isPartOf":{"@id":"https:\/\/magdalenagrencreates.com\/#website"},"datePublished":"2025-09-10T08:13:54+00:00","dateModified":"2025-09-10T10:27:29+00:00","breadcrumb":{"@id":"https:\/\/magdalenagrencreates.com\/?page_id=24#breadcrumb"},"inLanguage":"pl-PL","potentialAction":[{"@type":"ReadAction","target":["https:\/\/magdalenagrencreates.com\/?page_id=24"]}]},{"@type":"BreadcrumbList","@id":"https:\/\/magdalenagrencreates.com\/?page_id=24#breadcrumb","itemListElement":[{"@type":"ListItem","position":1,"name":"Strona g\u0142\u00f3wna","item":"https:\/\/magdalenagrencreates.com\/"},{"@type":"ListItem","position":2,"name":"O mnie"}]},{"@type":"WebSite","@id":"https:\/\/magdalenagrencreates.com\/#website","url":"https:\/\/magdalenagrencreates.com\/","name":"Strony z pasj\u0105!","description":"","publisher":{"@id":"https:\/\/magdalenagrencreates.com\/#organization"},"potentialAction":[{"@type":"SearchAction","target":{"@type":"EntryPoint","urlTemplate":"https:\/\/magdalenagrencreates.com\/?s={search_term_string}"},"query-input":{"@type":"PropertyValueSpecification","valueRequired":true,"valueName":"search_term_string"}}],"inLanguage":"pl-PL"},{"@type":"Organization","@id":"https:\/\/magdalenagrencreates.com\/#organization","name":"Strony z pasj\u0105!","url":"https:\/\/magdalenagrencreates.com\/","logo":{"@type":"ImageObject","inLanguage":"pl-PL","@id":"https:\/\/magdalenagrencreates.com\/#\/schema\/logo\/image\/","url":"https:\/\/magdalenagrencreates.com\/wp-content\/uploads\/2025\/09\/cropped-Zdjecie-WhatsApp-2025-09-10-o-09.43.51_937d223f.jpg","contentUrl":"https:\/\/magdalenagrencreates.com\/wp-content\/uploads\/2025\/09\/cropped-Zdjecie-WhatsApp-2025-09-10-o-09.43.51_937d223f.jpg","width":512,"height":512,"caption":"Strony  z pasj\u0105!"},"image":{"@id":"https:\/\/magdalenagrencreates.com\/#\/schema\/logo\/image\/"}}]}},"_links":{"self":[{"href":"https:\/\/magdalenagrencreates.com\/index.php?rest_route=\/wp\/v2\/pages\/24","targetHints":{"allow":["GET"]}}],"collection":[{"href":"https:\/\/magdalenagrencreates.com\/index.php?rest_route=\/wp\/v2\/pages"}],"about":[{"href":"https:\/\/magdalenagrencreates.com\/index.php?rest_route=\/wp\/v2\/types\/page"}],"author":[{"embeddable":true,"href":"https:\/\/magdalenagrencreates.com\/index.php?rest_route=\/wp\/v2\/users\/1"}],"replies":[{"embeddable":true,"href":"https:\/\/magdalenagrencreates.com\/index.php?rest_route=%2Fwp%2Fv2%2Fcomments&post=24"}],"version-history":[{"count":7,"href":"https:\/\/magdalenagrencreates.com\/index.php?rest_route=\/wp\/v2\/pages\/24\/revisions"}],"predecessor-version":[{"id":83,"href":"https:\/\/magdalenagrencreates.com\/index.php?rest_route=\/wp\/v2\/pages\/24\/revisions\/83"}],"wp:attachment":[{"href":"https:\/\/magdalenagrencreates.com\/index.php?rest_route=%2Fwp%2Fv2%2Fmedia&parent=24"}],"curies":[{"name":"wp","href":"https:\/\/api.w.org\/{rel}","templated":true}]}}